{"id":3805,"date":"2019-05-14T20:02:08","date_gmt":"2019-05-14T20:02:08","guid":{"rendered":"https:\/\/vff.ee\/dev\/?page_id=3805"},"modified":"2019-05-14T20:02:08","modified_gmt":"2019-05-14T20:02:08","slug":"mehetapja-suutu-vari-2017","status":"publish","type":"page","link":"https:\/\/vff.ee\/dev\/mehetapja-suutu-vari-2017\/","title":{"rendered":"Mehetapja \/ S\u00fc\u00fctu \/ Vari (2017)"},"content":{"rendered":"<div class=\"wpb-content-wrapper\"><p>[vc_row][vc_column][vc_column_text][ps2id id=&#8217;film&#8217; target=&#8221;\/][\/vc_column_text][vc_empty_space height=&#8221;60px&#8221;][\/vc_column][\/vc_row][vc_row][vc_column width=&#8221;1\/4&#8243;][vc_custom_heading text=&#8221;Mehetapja \/ S\u00fc\u00fctu \/ Vari&#8221; font_container=&#8221;tag:h2|text_align:right&#8221; google_fonts=&#8221;font_family:Roboto%20Condensed%3A300%2C300italic%2Cregular%2Citalic%2C700%2C700italic|font_style:700%20bold%20regular%3A700%3Anormal&#8221; el_id=&#8221;suurelt&#8221;][vc_column_text]<\/p>\n<p style=\"text-align: right;\"><strong>Tootja:<\/strong> F-Seitse, Era Film<br \/>\n<strong>Filmi re\u017eiss\u00f6\u00f6r:<\/strong> Sulev Keedus<br \/>\n<strong>Aasta:<\/strong> 2017<br \/>\n<strong>\u017danr:<\/strong> M\u00e4ngufilm, T\u00e4ispikk m\u00e4ngufilm<br \/>\n<strong>Lingid:<\/strong> <a href=\"http:\/\/www.efis.ee\/et\/filmiliigid\/film\/id\/16413\">Eesti Filmi andmebaas<\/a>, <a href=\"https:\/\/www.imdb.com\/title\/tt7080736\/\">IMDB<\/a><\/p>\n<p>[\/vc_column_text][\/vc_column][vc_column width=&#8221;3\/4&#8243;][vc_masonry_media_grid gap=&#8221;10&#8243; item=&#8221;masonryMedia_ScaleWithRotationLight&#8221; grid_id=&#8221;vc_gid:1554593710220-09dcd964-bcaf-10&#8243; include=&#8221;2634,2635,2636,2637,2638,2639,2640,2641,2642,2643,2644,2645,2646,2647,2648&#8243;][vc_video link=&#8221;https:\/\/vimeo.com\/283029611&#8243; css_animation=&#8221;appear&#8221;][vc_column_text]<p>&nbsp;<\/p>\n<p><span style=\"color: #333333;\"><strong><a style=\"color: #333333;\" href=\"https:\/\/vff.ee\/dev\/taotle\/#toetust\">Asu taotlema<\/a><\/strong><\/span><\/p>\n[\/vc_column_text][\/vc_column][\/vc_row]<\/p>\n<\/div>","protected":false},"excerpt":{"rendered":"<p>[vc_row][vc_column][vc_column_text][ps2id id=&#8217;film&#8217; target=&#8221;\/][\/vc_column_text][vc_empty_space height=&#8221;60px&#8221;][\/vc_column][\/vc_row][vc_row][vc_column width=&#8221;1\/4&#8243;][vc_custom_heading text=&#8221;Mehetapja \/ S\u00fc\u00fctu \/ Vari&#8221; font_container=&#8221;tag:h2|text_align:right&#8221; google_fonts=&#8221;font_family:Roboto%20Condensed%3A300%2C300italic%2Cregular%2Citalic%2C700%2C700italic|font_style:700%20bold%20regular%3A700%3Anormal&#8221; el_id=&#8221;suurelt&#8221;][vc_column_text] Tootja: F-Seitse, Era Film Filmi re\u017eiss\u00f6\u00f6r: Sulev Keedus Aasta: 2017 \u017danr: M\u00e4ngufilm, T\u00e4ispikk m\u00e4ngufilm Lingid: Eesti Filmi andmebaas, IMDB [\/vc_column_text][\/vc_column][vc_column width=&#8221;3\/4&#8243;][vc_masonry_media_grid gap=&#8221;10&#8243; item=&#8221;masonryMedia_ScaleWithRotationLight&#8221; grid_id=&#8221;vc_gid:1554593710220-09dcd964-bcaf-10&#8243; include=&#8221;2634,2635,2636,2637,2638,2639,2640,2641,2642,2643,2644,2645,2646,2647,2648&#8243;][vc_video link=&#8221;https:\/\/vimeo.com\/283029611&#8243; css_animation=&#8221;appear&#8221;][vc_column_text][\/vc_column_text][\/vc_column][\/vc_row]<\/p>\n","protected":false},"author":1,"featured_media":0,"parent":0,"menu_order":0,"comment_status":"closed","ping_status":"closed","template":"","meta":{"inline_featured_image":false,"footnotes":""},"categories":[],"tags":[],"class_list":["post-3805","page","type-page","status-publish","hentry"],"blocksy_meta":[],"yoast_head":"<!-- This site is optimized with the Yoast SEO plugin v22.8 - https:\/\/yoast.com\/wordpress\/plugins\/seo\/ -->\n<title>Mehetapja \/ S\u00fc\u00fctu \/ Vari (2017) - Viru Filmifond<\/title>\n<meta name=\"robots\" content=\"index, follow, max-snippet:-1, max-image-preview:large, max-video-preview:-1\" \/>\n<link rel=\"canonical\" href=\"https:\/\/vff.ee\/dev\/mehetapja-suutu-vari-2017\/\" \/>\n<meta property=\"og:locale\" content=\"en_US\" \/>\n<meta property=\"og:type\" content=\"article\" \/>\n<meta property=\"og:title\" content=\"Mehetapja \/ S\u00fc\u00fctu \/ Vari (2017) - Viru Filmifond\" \/>\n<meta property=\"og:description\" content=\"[vc_row][vc_column][vc_column_text][ps2id id=&#8217;film&#8217; target=&#8221;\/][\/vc_column_text][vc_empty_space height=&#8221;60px&#8221;][\/vc_column][\/vc_row][vc_row][vc_column width=&#8221;1\/4&#8243;][vc_custom_heading text=&#8221;Mehetapja \/ S\u00fc\u00fctu \/ Vari&#8221; font_container=&#8221;tag:h2|text_align:right&#8221; google_fonts=&#8221;font_family:Roboto%20Condensed%3A300%2C300italic%2Cregular%2Citalic%2C700%2C700italic|font_style:700%20bold%20regular%3A700%3Anormal&#8221; el_id=&#8221;suurelt&#8221;][vc_column_text] Tootja: F-Seitse, Era Film Filmi re\u017eiss\u00f6\u00f6r: Sulev Keedus Aasta: 2017 \u017danr: M\u00e4ngufilm, T\u00e4ispikk m\u00e4ngufilm Lingid: Eesti Filmi andmebaas, IMDB [\/vc_column_text][\/vc_column][vc_column width=&#8221;3\/4&#8243;][vc_masonry_media_grid gap=&#8221;10&#8243; item=&#8221;masonryMedia_ScaleWithRotationLight&#8221; grid_id=&#8221;vc_gid:1554593710220-09dcd964-bcaf-10&#8243; include=&#8221;2634,2635,2636,2637,2638,2639,2640,2641,2642,2643,2644,2645,2646,2647,2648&#8243;][vc_video link=&#8221;https:\/\/vimeo.com\/283029611&#8243; css_animation=&#8221;appear&#8221;][vc_column_text][\/vc_column_text][\/vc_column][\/vc_row]\" \/>\n<meta property=\"og:url\" content=\"https:\/\/vff.ee\/dev\/mehetapja-suutu-vari-2017\/\" \/>\n<meta property=\"og:site_name\" content=\"Viru Filmifond\" \/>\n<meta name=\"twitter:card\" content=\"summary_large_image\" \/>\n<meta name=\"twitter:label1\" content=\"Est. reading time\" \/>\n\t<meta name=\"twitter:data1\" content=\"1 minute\" \/>\n<script type=\"application\/ld+json\" class=\"yoast-schema-graph\">{\"@context\":\"https:\/\/schema.org\",\"@graph\":[{\"@type\":\"WebPage\",\"@id\":\"https:\/\/vff.ee\/dev\/mehetapja-suutu-vari-2017\/\",\"url\":\"https:\/\/vff.ee\/dev\/mehetapja-suutu-vari-2017\/\",\"name\":\"Mehetapja \/ S\u00fc\u00fctu \/ Vari (2017) - Viru Filmifond\",\"isPartOf\":{\"@id\":\"https:\/\/vff.ee\/dev\/#website\"},\"datePublished\":\"2019-05-14T20:02:08+00:00\",\"dateModified\":\"2019-05-14T20:02:08+00:00\",\"breadcrumb\":{\"@id\":\"https:\/\/vff.ee\/dev\/mehetapja-suutu-vari-2017\/#breadcrumb\"},\"inLanguage\":\"en\",\"potentialAction\":[{\"@type\":\"ReadAction\",\"target\":[\"https:\/\/vff.ee\/dev\/mehetapja-suutu-vari-2017\/\"]}]},{\"@type\":\"BreadcrumbList\",\"@id\":\"https:\/\/vff.ee\/dev\/mehetapja-suutu-vari-2017\/#breadcrumb\",\"itemListElement\":[{\"@type\":\"ListItem\",\"position\":1,\"name\":\"Home\",\"item\":\"https:\/\/vff.ee\/dev\/\"},{\"@type\":\"ListItem\",\"position\":2,\"name\":\"Mehetapja \/ S\u00fc\u00fctu \/ Vari (2017)\"}]},{\"@type\":\"WebSite\",\"@id\":\"https:\/\/vff.ee\/dev\/#website\",\"url\":\"https:\/\/vff.ee\/dev\/\",\"name\":\"Viru Filmifond\",\"description\":\"Viru Film Fund\",\"publisher\":{\"@id\":\"https:\/\/vff.ee\/dev\/#organization\"},\"potentialAction\":[{\"@type\":\"SearchAction\",\"target\":{\"@type\":\"EntryPoint\",\"urlTemplate\":\"https:\/\/vff.ee\/dev\/?s={search_term_string}\"},\"query-input\":\"required name=search_term_string\"}],\"inLanguage\":\"en\"},{\"@type\":\"Organization\",\"@id\":\"https:\/\/vff.ee\/dev\/#organization\",\"name\":\"Viru filmifond\",\"url\":\"https:\/\/vff.ee\/dev\/\",\"logo\":{\"@type\":\"ImageObject\",\"inLanguage\":\"en\",\"@id\":\"https:\/\/vff.ee\/dev\/#\/schema\/logo\/image\/\",\"url\":\"https:\/\/vff.ee\/dev\/wp-content\/uploads\/2019\/03\/vff_gm_ee.svg\",\"contentUrl\":\"https:\/\/vff.ee\/dev\/wp-content\/uploads\/2019\/03\/vff_gm_ee.svg\",\"width\":1,\"height\":1,\"caption\":\"Viru filmifond\"},\"image\":{\"@id\":\"https:\/\/vff.ee\/dev\/#\/schema\/logo\/image\/\"}}]}<\/script>\n<!-- \/ Yoast SEO plugin. -->","yoast_head_json":{"title":"Mehetapja \/ S\u00fc\u00fctu \/ Vari (2017) - Viru Filmifond","robots":{"index":"index","follow":"follow","max-snippet":"max-snippet:-1","max-image-preview":"max-image-preview:large","max-video-preview":"max-video-preview:-1"},"canonical":"https:\/\/vff.ee\/dev\/mehetapja-suutu-vari-2017\/","og_locale":"en_US","og_type":"article","og_title":"Mehetapja \/ S\u00fc\u00fctu \/ Vari (2017) - Viru Filmifond","og_description":"[vc_row][vc_column][vc_column_text][ps2id id=&#8217;film&#8217; target=&#8221;\/][\/vc_column_text][vc_empty_space height=&#8221;60px&#8221;][\/vc_column][\/vc_row][vc_row][vc_column width=&#8221;1\/4&#8243;][vc_custom_heading text=&#8221;Mehetapja \/ S\u00fc\u00fctu \/ Vari&#8221; font_container=&#8221;tag:h2|text_align:right&#8221; google_fonts=&#8221;font_family:Roboto%20Condensed%3A300%2C300italic%2Cregular%2Citalic%2C700%2C700italic|font_style:700%20bold%20regular%3A700%3Anormal&#8221; el_id=&#8221;suurelt&#8221;][vc_column_text] Tootja: F-Seitse, Era Film Filmi re\u017eiss\u00f6\u00f6r: Sulev Keedus Aasta: 2017 \u017danr: M\u00e4ngufilm, T\u00e4ispikk m\u00e4ngufilm Lingid: Eesti Filmi andmebaas, IMDB [\/vc_column_text][\/vc_column][vc_column width=&#8221;3\/4&#8243;][vc_masonry_media_grid gap=&#8221;10&#8243; item=&#8221;masonryMedia_ScaleWithRotationLight&#8221; grid_id=&#8221;vc_gid:1554593710220-09dcd964-bcaf-10&#8243; include=&#8221;2634,2635,2636,2637,2638,2639,2640,2641,2642,2643,2644,2645,2646,2647,2648&#8243;][vc_video link=&#8221;https:\/\/vimeo.com\/283029611&#8243; css_animation=&#8221;appear&#8221;][vc_column_text][\/vc_column_text][\/vc_column][\/vc_row]","og_url":"https:\/\/vff.ee\/dev\/mehetapja-suutu-vari-2017\/","og_site_name":"Viru Filmifond","twitter_card":"summary_large_image","twitter_misc":{"Est. reading time":"1 minute"},"schema":{"@context":"https:\/\/schema.org","@graph":[{"@type":"WebPage","@id":"https:\/\/vff.ee\/dev\/mehetapja-suutu-vari-2017\/","url":"https:\/\/vff.ee\/dev\/mehetapja-suutu-vari-2017\/","name":"Mehetapja \/ S\u00fc\u00fctu \/ Vari (2017) - Viru Filmifond","isPartOf":{"@id":"https:\/\/vff.ee\/dev\/#website"},"datePublished":"2019-05-14T20:02:08+00:00","dateModified":"2019-05-14T20:02:08+00:00","breadcrumb":{"@id":"https:\/\/vff.ee\/dev\/mehetapja-suutu-vari-2017\/#breadcrumb"},"inLanguage":"en","potentialAction":[{"@type":"ReadAction","target":["https:\/\/vff.ee\/dev\/mehetapja-suutu-vari-2017\/"]}]},{"@type":"BreadcrumbList","@id":"https:\/\/vff.ee\/dev\/mehetapja-suutu-vari-2017\/#breadcrumb","itemListElement":[{"@type":"ListItem","position":1,"name":"Home","item":"https:\/\/vff.ee\/dev\/"},{"@type":"ListItem","position":2,"name":"Mehetapja \/ S\u00fc\u00fctu \/ Vari (2017)"}]},{"@type":"WebSite","@id":"https:\/\/vff.ee\/dev\/#website","url":"https:\/\/vff.ee\/dev\/","name":"Viru Filmifond","description":"Viru Film Fund","publisher":{"@id":"https:\/\/vff.ee\/dev\/#organization"},"potentialAction":[{"@type":"SearchAction","target":{"@type":"EntryPoint","urlTemplate":"https:\/\/vff.ee\/dev\/?s={search_term_string}"},"query-input":"required name=search_term_string"}],"inLanguage":"en"},{"@type":"Organization","@id":"https:\/\/vff.ee\/dev\/#organization","name":"Viru filmifond","url":"https:\/\/vff.ee\/dev\/","logo":{"@type":"ImageObject","inLanguage":"en","@id":"https:\/\/vff.ee\/dev\/#\/schema\/logo\/image\/","url":"https:\/\/vff.ee\/dev\/wp-content\/uploads\/2019\/03\/vff_gm_ee.svg","contentUrl":"https:\/\/vff.ee\/dev\/wp-content\/uploads\/2019\/03\/vff_gm_ee.svg","width":1,"height":1,"caption":"Viru filmifond"},"image":{"@id":"https:\/\/vff.ee\/dev\/#\/schema\/logo\/image\/"}}]}},"_links":{"self":[{"href":"https:\/\/vff.ee\/dev\/wp-json\/wp\/v2\/pages\/3805","targetHints":{"allow":["GET"]}}],"collection":[{"href":"https:\/\/vff.ee\/dev\/wp-json\/wp\/v2\/pages"}],"about":[{"href":"https:\/\/vff.ee\/dev\/wp-json\/wp\/v2\/types\/page"}],"author":[{"embeddable":true,"href":"https:\/\/vff.ee\/dev\/wp-json\/wp\/v2\/users\/1"}],"replies":[{"embeddable":true,"href":"https:\/\/vff.ee\/dev\/wp-json\/wp\/v2\/comments?post=3805"}],"version-history":[{"count":1,"href":"https:\/\/vff.ee\/dev\/wp-json\/wp\/v2\/pages\/3805\/revisions"}],"predecessor-version":[{"id":3806,"href":"https:\/\/vff.ee\/dev\/wp-json\/wp\/v2\/pages\/3805\/revisions\/3806"}],"wp:attachment":[{"href":"https:\/\/vff.ee\/dev\/wp-json\/wp\/v2\/media?parent=3805"}],"wp:term":[{"taxonomy":"category","embeddable":true,"href":"https:\/\/vff.ee\/dev\/wp-json\/wp\/v2\/categories?post=3805"},{"taxonomy":"post_tag","embeddable":true,"href":"https:\/\/vff.ee\/dev\/wp-json\/wp\/v2\/tags?post=3805"}],"curies":[{"name":"wp","href":"https:\/\/api.w.org\/{rel}","templated":true}]}}